mon divisor of p and k?
1
Suppose -3*d + 3*q + 744 = 0, 0 = -3*q + 7 - 1. Let x be d/40 - 6/(-8). Calculate the highest common factor of x and 77.
7
Let s be (4 - 6)/((4/5)/(-2)). Calculate the highest common factor of 205 and s.
5
Let p(b) = 3*b**3 - 34*b**2 + b + 10. Let o be p(12). Calculate the highest common divisor of o and 62.
62
Let c be (-279)/12 - (-3)/12. Let v = c - -35. Let w = -68 - -128. Calculate the highest common factor of w and v.
12
Let p = 19 - 14. Suppose p*w = 9*w - 76. Let t = 5 + w. What is the highest common factor of 12 and t?
12
Let b(g) = 2*g**2 + 3*g - 9. Let x be b(-5). Calculate the greatest common factor of 39 and x.
13
Let m = -57 - -57. Let r(x) = -x**2 - 13*x. Let i be r(-7). Suppose 3*j + m*j - i = 0. Calculate the highest common divisor of 154 and j.
14
Let k be 162/(-378) - (-486)/7. Let t(c) = c**3 + 7*c**2 + 5*c - 2. Let x be t(-5). Calculate the highest common divisor of k and x.
23
Let f = -68 + 72. Suppose 5*g - 40 = -0*g + 4*h, 2*g - 49 = -5*h. What is the highest common divisor of f and g?
4
Let u(y) = 23*y**3 - y**2 - y - 1. Let d be u(-1). Let m be 0 + (-9)/(27/d). Calculate the highest common factor of m and 88.
8
Let s be ((-12)/(-24))/(2/308). Suppose -y - 4*a + 2 = -9, 0 = y - a - 6. Calculate the greatest common factor of y and s.
7
Let b(q) = q**3 - 6*q**2 + 2*q - 9. Let l be b(6). Let y = -9836 + 9863. What is the highest common divisor of l and y?
3
Let o be (2 - 5484/(-20)) + 4/(-20). What is the greatest common divisor of o and 24?
12
Suppose 2*z = 2*q - 54, 2*z + 105 = 4*q + z. What is the highest common factor of q and 13?
13
Let n = 277 - 282. Let l be 33/(-2)*(-4)/6. Let v = l + n. What is the greatest common factor of v and 6?
6
Let k be (65/(-10))/(2/(-4)). Suppose x - 71 = 33. Calculate the greatest common divisor of x and k.
13
Let l(w) = 3*w**2 + 44*w + 10. Let h be l(-18). Suppose 26 = 6*r - h. Calculate the greatest common factor of 12 and r.
12
Suppose 4*u - 139 = -2*w - 3*w, -u + 41 = -5*w. Calculate the greatest common factor of u and 18.
18
Let i = 267 + -190. Suppose 4*p - i = -5*o, o - 3*p + 2*p - 10 = 0. What is the greatest common factor of 117 and o?
13
Let h(u) = -u + 29 + 3*u**2 + 2*u - 33. Let l be h(2). What is the highest common factor of l and 4?
2
Suppose 4*w - 760 = -d, 5*w + 2*d - 4*d = 937. Let i = -65 - -92. Calculate the greatest common factor of w and i.
27
Let x be (-4)/(32/(-12)) + (-679)/(-2). What is the greatest common divisor of 11 and x?
11
Let f = 1085 + -969. Calculate the greatest common factor of f and 116.
116
Suppose -2*j + 0*j = -3*n - 4, -n - 3*j + 17 = 0. Suppose i = -n*i. Let t(d) = -d**2 - d + 120. Let o be t(i). What is the greatest common divisor of o and 48?
24
Let b be 0 + -5*440/(-8). Calculate the highest common divisor of 55 and b.
55
Suppose 585 = 51*x - 54*x. Let t = x - -300. Suppose 5*w = -2*d + 75, 2*d + 3*w + 102 = 5*d. Calculate the greatest common factor of t and d.
35
Suppose -19 = -17*b + 287. What is the highest common factor of b and 90?
18
Let p = 128 - 77. Calculate the highest common factor of 408 and p.
51
Let h(r) = -r**2 + 12*r - 13. Let v be h(14). Let o = 68 + v. Suppose -11*x + 9*x = -108. Calculate the greatest common factor of o and x.
27
Let v = -19 - -23. Suppose 0 = 5*i - 0*j + v*j - 33, -4*i + 4*j + 48 = 0. Calculate the greatest common factor of 18 and i.
9
Let y = 184 - 108. Let a be (5 - 3)/(1*(-8)/(-76)). Calculate the highest common divisor of a and y.
19
Let c = 3 + 1. Let t be (7 - (-3)/3) + -1 + -1. Calculate the greatest common divisor of c and t.
2
Let j be (7 - -1 - 5)/((-2)/(-6)). Calculate the highest common divisor of 33 and j.
3
Let h(k) = k**3 - k**2 - 4*k + 4. Let r be h(3). Let c = r - -25. Let q = c + -9. Calculate the greatest common factor of q and 130.
26
Let c(g) be the third derivative of g**5/10 - g**4/8 + 2*g**3 + g**2 + 15. Let p be c(4). What is the greatest common factor of p and 12?
12
Let v(o) = o**3 + 4*o**2 - 2*o. Let j be v(-4). Suppose 26*p = 33*p - 392. Calculate the greatest common factor of p and j.
8
Suppose t = 3*y - 258, -y + 3*t + 2*t = -86. Calculate the highest common factor of y and 43.
43
Let x be 1 + (0 - 1*58). Let g = x - -101. Let v = -62 + 172. What is the highest common factor of v and g?
22
Let i(g) = 2*g**3 + 3*g**2 - 4*g - 5. Let v be i(4). Let k = -56 + v. Calculate the greatest common divisor of 33 and k.
33
Let a be 2 - 0 - (2 - 7). Suppose 2 + 3 = b + 3*q, -2*q = 2*b - 6. Let c(m) = 17*m + 1. Let z be c(b). Calculate the highest common divisor of a and z.
7
Let r = 8 - 8. Suppose 3*w + 7 = -r*j + j, 2*j = -5*w + 3. Suppose -5*q + m + 60 = -1055, j*m = 20. Calculate the highest common divisor of q and 28.
28
Let p = -15 - -32. What is the greatest common divisor of 153 and p?
17
Suppose -2*t + t = -3*c - 29, -4*t + 124 = -4*c. Let j(r) = r + 8. Let g be j(9). Suppose 4*d = 15 + g. What is the greatest common divisor of t and d?
8
Suppose 2*a = 2*x + 2*x - 3608, 4*a + 2716 = 3*x. What is the highest common factor of x and 200?
100
Let d = -21 - -25. Let k be (1 - d - -6) + 92. Suppose v - k = -4*v. Calculate the highest common factor of 171 and v.
19
Let x(l) = -l**2 - 12*l - 8. Let q be x(-10). Let g be (2 + -8 + 4)*q. Let t be 2/4*g/(-1). What is the greatest common divisor of 96 and t?
12
Let g(b) = b**3 + 5*b**2 + 2*b - 2. Let i = 23 - 4. Let a = -23 + i. Let c be g(a). What is the greatest common factor of c and 30?
6
Let l be (-8)/16*-4*3. Let j = l - 7. Let h = 5 + j. What is the greatest common divisor of h and 44?
4
Suppose 3*c + 3 = 4*n, -10*n + 4 = -4*c - 5*n. Let p = 1 - 1. Let d be (c - p)/1 + 10. Calculate the greatest common factor of d and 1.
1
Let w = 187 + -147. Calculate the highest common factor of w and 50.
10
Let b = 14 + -12. Suppose 4*r - 12 = -3*x + x, -b*r = -2*x. Let f be 522/3 + x + 0. Calculate the highest common divisor of f and 16.
16
Let r(k) = k**2 + 227*k + 916. Let f be r(-4). Let c(b) = 7*b**2 - b. Let s be c(1). Calculate the highest common divisor of s and f.
6
Let d = 9 - 6. Let t = d + 0. Let b be (-1)/(t + -2) - -9. What is the greatest common divisor of b and 8?
8
Suppose -10 + 40 = -2*x. Let p be ((-18)/x)/(6/45). What is the highest common factor of 3 and p?
3
Suppose 2*n - 4*w = 3852, -5*n + 9578 = 2*w + w. Suppose -n + 73 = -9*q. Calculate the highest common factor of 82 and q.
41
Let m be (-242)/(-4) - (-1)/(-2). Let o(z) = -251*z - 1486. Let g be o(-6). What is the highest common factor of m and g?
20
Let z = 37 + -34. Suppose -3*x - z*l = -99, -x + 0*l - 3*l = -29. Calculate the greatest common divisor of x and 14.
7
Let i(t) = 9*t + 13. Let h be i(3). Let w(r) = r**2. Let u be w(-4). What is the highest common factor of h and u?
8
Let p(g) = 4*g**2 + 14*g + 30. Let k be p(-2). What is the greatest common factor of 90 and k?
18
Let c = 308 + -293. Let k = 3 + 3. Let q = c - k. What is the greatest common divisor of 72 and q?
9
Suppose -3*z = 2*z - 625. Let d(v) = 4*v + 114. Let k be d(-16). Calculate the highest common divisor of k and z.
25
Suppose 5*a + 2*c = -3*c + 155, 3*a + 5*c - 103 = 0. Suppose -5*g - 51 = -3*x, -5*g - 5 + a = 3*x. What is the greatest common factor of 108 and x?
12
Let s(u) = u**3 - 2*u**2 + 2*u + 6. Suppose -3*h + 24 = 3*h. Let k be s(h). Calculate the greatest common divisor of 69 and k.
23
Let z = 119 + -101. Calculate the highest common factor of 8 and z.
2
Suppose -17*z = -14*z - 15. Suppose 0 = -s + 4*y - 4, 2 = -2*s + z*y - 3. Suppose 2*q - 32 + 4 = s. What is the greatest common factor of 35 and q?
7
Let r = -100 + 172. Suppose 13*y = 15*y - r. Calculate the highest common divisor of 9 and y.
9
Let l = -5 - -21. Suppose -1 = -d + 4*o + o, -2*d - 4*o + 58 = 0. Suppose d = -t + 69. Calculate the highest common divisor of t and l.
16
Suppose m - 4*o + 1 = 0, 0 + 61 = 4*m - 3*o. What is the greatest common factor of m and 589?
19
Let j(s) = -21 + 0*s + 1 + 6*s. Let o be j(6). Let w be 4/(-16) + 9/4. Calculate the greatest common divisor of o and w.
2
Suppose 3*c - 52 - 221 = 0. Suppose -22*v + 14*v = -104. Calculate the highest common factor of c and v.
13
Let t(j) = -43*j - 115. Let q be t(-7). Calculate the greatest common factor of q and 30.
6
Let z(f) = 5*f - 27